{"id":409,"date":"2017-08-17T15:10:09","date_gmt":"2017-08-17T15:10:09","guid":{"rendered":"http:\/\/dawidroszkiewicz.pl\/?page_id=409"},"modified":"2018-03-18T10:19:10","modified_gmt":"2018-03-18T10:19:10","slug":"kontakt","status":"publish","type":"page","link":"http:\/\/dawidroszkiewicz.pl\/?page_id=409","title":{"rendered":"Kontakt"},"content":{"rendered":"<div id=\"pl-409\"  class=\"panel-layout\" ><div id=\"pg-409-0\"  class=\"panel-grid panel-no-style\" ><div id=\"pgc-409-0-0\"  class=\"panel-grid-cell\" ><div id=\"panel-409-0-0-0\" class=\"so-panel widget widget_sow-image panel-first-child panel-last-child\" data-index=\"0\" ><div\n\t\t\t\n\t\t\tclass=\"so-widget-sow-image so-widget-sow-image-default-17bc2272b535-409\"\n\t\t\t\n\t\t>\n\n<div class=\"sow-image-container\">\n\t\t<img src=\"http:\/\/dawidroszkiewicz.pl\/wp-content\/uploads\/2018\/03\/01.jpg\" width=\"1000\" height=\"665\" srcset=\"http:\/\/dawidroszkiewicz.pl\/wp-content\/uploads\/2018\/03\/01.jpg 1000w, http:\/\/dawidroszkiewicz.pl\/wp-content\/uploads\/2018\/03\/01-300x200.jpg 300w, http:\/\/dawidroszkiewicz.pl\/wp-content\/uploads\/2018\/03\/01-768x511.jpg 768w, http:\/\/dawidroszkiewicz.pl\/wp-content\/uploads\/2018\/03\/01-272x182.jpg 272w\" sizes=\"(max-width: 1000px) 100vw, 1000px\" title=\"_01\" alt=\"\" loading=\"lazy\" \t\tclass=\"so-widget-image\"\/>\n\t<\/div>\n\n<\/div><\/div><\/div><\/div><div id=\"pg-409-1\"  class=\"panel-grid panel-no-style\" ><div id=\"pgc-409-1-0\"  class=\"panel-grid-cell panel-grid-cell-empty\" ><\/div><div id=\"pgc-409-1-1\"  class=\"panel-grid-cell panel-grid-cell-mobile-last\" ><div id=\"panel-409-1-1-0\" class=\"widget_text so-panel widget widget_custom_html panel-first-child panel-last-child\" data-index=\"1\" ><div class=\"textwidget custom-html-widget\"><center><div role=\"form\" class=\"wpcf7\" id=\"wpcf7-f1632-o1\" lang=\"pl-PL\" dir=\"ltr\">\n<div class=\"screen-reader-response\"><\/div>\n<form action=\"\/index.php?rest_route=%2Fwp%2Fv2%2Fpages%2F409#wpcf7-f1632-o1\" method=\"post\" class=\"wpcf7-form\" novalidate=\"novalidate\">\n<div style=\"display: none;\">\n<input type=\"hidden\" name=\"_wpcf7\" value=\"1632\" \/>\n<input type=\"hidden\" name=\"_wpcf7_version\" value=\"5.0.1\" \/>\n<input type=\"hidden\" name=\"_wpcf7_locale\" value=\"pl_PL\" \/>\n<input type=\"hidden\" name=\"_wpcf7_unit_tag\" value=\"wpcf7-f1632-o1\" \/>\n<input type=\"hidden\" name=\"_wpcf7_container_post\" value=\"0\" \/>\n<\/div>\n<p><label> Imiona Narzeczonych (wymagane)<br \/>\n    <span class=\"wpcf7-form-control-wrap your-name\"><input type=\"text\" name=\"your-name\" value=\"\" size=\"40\" class=\"wpcf7-form-control wpcf7-text wpcf7-validates-as-required\" aria-required=\"true\" aria-invalid=\"false\" \/><\/span> <\/label><\/p>\n<p><label> Adres email (wymagane)<br \/>\n    <span class=\"wpcf7-form-control-wrap your-email\"><input type=\"email\" name=\"your-email\" value=\"\" size=\"40\" class=\"wpcf7-form-control wpcf7-text wpcf7-email wpcf7-validates-as-required wpcf7-validates-as-email\" aria-required=\"true\" aria-invalid=\"false\" \/><\/span> <\/label><\/p>\n<p><label> Telefon<br \/>\n    <span class=\"wpcf7-form-control-wrap tel-182\"><input type=\"tel\" name=\"tel-182\" value=\"\" size=\"40\" class=\"wpcf7-form-control wpcf7-text wpcf7-tel wpcf7-validates-as-tel\" aria-invalid=\"false\" \/><\/span> <\/label><\/p>\n<p><label> Data \u015blubu\/uroczysto\u015bci<br \/>\n    <span class=\"wpcf7-form-control-wrap date-798\"><input type=\"date\" name=\"date-798\" value=\"\" class=\"wpcf7-form-control wpcf7-date wpcf7-validates-as-required wpcf7-validates-as-date\" aria-required=\"true\" aria-invalid=\"false\" \/><\/span><\/label><\/p>\n<p><label> Rodzaj \u015blubu<br \/>\n    <span class=\"wpcf7-form-control-wrap menu-963\"><select name=\"menu-963\" class=\"wpcf7-form-control wpcf7-select wpcf7-validates-as-required\" aria-required=\"true\" aria-invalid=\"false\"><option value=\"\">---<\/option><option value=\"Ko\u015bcielny\">Ko\u015bcielny<\/option><option value=\"Cywilny\">Cywilny<\/option><option value=\"Sesja plenerowa\">Sesja plenerowa<\/option><\/select><\/span> <\/label><\/p>\n<p><label> Miejsce \u015blubu (wraz z kodem pocztowym)<br \/>\n    <span class=\"wpcf7-form-control-wrap text-407\"><input type=\"text\" name=\"text-407\" value=\"\" size=\"40\" class=\"wpcf7-form-control wpcf7-text wpcf7-validates-as-required\" aria-required=\"true\" aria-invalid=\"false\" \/><\/span> <\/label><\/p>\n<p><label> Tre\u015b\u0107 wiadomo\u015bci<br \/>\n    <span class=\"wpcf7-form-control-wrap your-message\"><textarea name=\"your-message\" cols=\"40\" rows=\"10\" class=\"wpcf7-form-control wpcf7-textarea\" aria-invalid=\"false\"><\/textarea><\/span> <\/label><\/p>\n<p><input type=\"submit\" value=\"Wy\u015blij zapytanie\" class=\"wpcf7-form-control wpcf7-submit\" \/><\/p>\n<p style=\"display: none !important;\"><label>&#916;<textarea name=\"_wpcf7_ak_hp_textarea\" cols=\"45\" rows=\"8\" maxlength=\"100\"><\/textarea><\/label><input type=\"hidden\" id=\"ak_js_1\" name=\"_wpcf7_ak_js\" value=\"88\"\/><script>document.getElementById( \"ak_js_1\" ).setAttribute( \"value\", ( new Date() ).getTime() );<\/script><\/p><div class=\"wpcf7-response-output wpcf7-display-none\"><\/div><\/form><\/div><\/center><\/div><\/div><\/div><div id=\"pgc-409-1-2\"  class=\"panel-grid-cell panel-grid-cell-empty\" ><\/div><\/div><\/div>","protected":false},"excerpt":{"rendered":"<p>Imiona Narzeczonych (wymagane) Adres email (wymagane) Telefon Data \u015blubu\/uroczysto\u015bci Rodzaj \u015blubu &#8212;Ko\u015bcielnyCywilnySesja plenerowa Miejsce \u015blubu (wraz z kodem pocztowym) Tre\u015b\u0107 wiadomo\u015bci &#916;<\/p>\n","protected":false},"author":1,"featured_media":0,"parent":0,"menu_order":0,"comment_status":"closed","ping_status":"closed","template":"","meta":[],"_links":{"self":[{"href":"http:\/\/dawidroszkiewicz.pl\/index.php?rest_route=\/wp\/v2\/pages\/409"}],"collection":[{"href":"http:\/\/dawidroszkiewicz.pl\/index.php?rest_route=\/wp\/v2\/pages"}],"about":[{"href":"http:\/\/dawidroszkiewicz.pl\/index.php?rest_route=\/wp\/v2\/types\/page"}],"author":[{"embeddable":true,"href":"http:\/\/dawidroszkiewicz.pl\/index.php?rest_route=\/wp\/v2\/users\/1"}],"replies":[{"embeddable":true,"href":"http:\/\/dawidroszkiewicz.pl\/index.php?rest_route=%2Fwp%2Fv2%2Fcomments&post=409"}],"version-history":[{"count":128,"href":"http:\/\/dawidroszkiewicz.pl\/index.php?rest_route=\/wp\/v2\/pages\/409\/revisions"}],"predecessor-version":[{"id":1707,"href":"http:\/\/dawidroszkiewicz.pl\/index.php?rest_route=\/wp\/v2\/pages\/409\/revisions\/1707"}],"wp:attachment":[{"href":"http:\/\/dawidroszkiewicz.pl\/index.php?rest_route=%2Fwp%2Fv2%2Fmedia&parent=409"}],"curies":[{"name":"wp","href":"https:\/\/api.w.org\/{rel}","templated":true}]}}