{"id":424,"date":"2017-08-18T13:12:53","date_gmt":"2017-08-18T13:12:53","guid":{"rendered":"http:\/\/dawidroszkiewicz.pl\/?page_id=424"},"modified":"2018-03-18T16:06:28","modified_gmt":"2018-03-18T16:06:28","slug":"o-mnie","status":"publish","type":"page","link":"http:\/\/dawidroszkiewicz.pl\/?page_id=424","title":{"rendered":"O mnie"},"content":{"rendered":"<div id=\"pl-424\"  class=\"panel-layout\" ><div id=\"pg-424-0\"  class=\"panel-grid panel-no-style\" ><div id=\"pgc-424-0-0\"  class=\"panel-grid-cell\" ><div id=\"panel-424-0-0-0\" class=\"so-panel widget widget_sow-editor panel-first-child panel-last-child\" data-index=\"0\" ><div class=\"panel-widget-style panel-widget-style-for-424-0-0-0\" ><div\n\t\t\t\n\t\t\tclass=\"so-widget-sow-editor so-widget-sow-editor-base\"\n\t\t\t\n\t\t>\n<div class=\"siteorigin-widget-tinymce textwidget\">\n\t<p>Jak napisa\u0142a Susan Sontag: \"Fotografowanie sta\u0142o si\u0119 dzi\u015b rozrywk\u0105 niemal r\u00f3wnie masow\u0105, co \u017cycie seksualne czy taniec. Oznacza to, \u017ce podobnie jak sztuka masowa, fotografia w r\u0119kach wi\u0119kszo\u015bci ludzi wcale sztuk\u0105 nie jest\", m\u00f3wi\u0105c inaczej \u2013 zdj\u0119cia mo\u017ce robi\u0107 dzi\u015b ka\u017cdy.<\/p>\n<p>Zajmuj\u0105c si\u0119 fotografowaniem staram si\u0119, by moje zdj\u0119cia nie by\u0142y \"pstrykan\u0105\" mas\u00f3wk\u0105. Nadaj\u0119 im niepowtarzalny klimat, dbam o \u015bwiat\u0142o i ciekawe kadry. A przede wszystkim jest to dla mnie pasjonuj\u0105ce zaj\u0119cie, kt\u00f3re przynosi mi rado\u015b\u0107.<\/p>\n<p>Czy fotografia w moim wydaniu jest sztuk\u0105? Oce\u0144cie sami. Zapraszam!<\/p>\n<\/div>\n<\/div><\/div><\/div><\/div><\/div><\/div>","protected":false},"excerpt":{"rendered":"<p>Jak napisa\u0142a Susan Sontag: &#8222;Fotografowanie sta\u0142o si\u0119 dzi\u015b rozrywk\u0105 niemal r\u00f3wnie masow\u0105, co \u017cycie seksualne czy taniec. Oznacza to, \u017ce podobnie jak sztuka masowa, fotografia w r\u0119kach wi\u0119kszo\u015bci ludzi wcale sztuk\u0105 nie jest&#8221;, m\u00f3wi\u0105c inaczej \u2013 zdj\u0119cia mo\u017ce robi\u0107 dzi\u015b ka\u017cdy. Zajmuj\u0105c si\u0119 fotografowaniem staram si\u0119, by moje zdj\u0119cia nie by\u0142y &#8222;pstrykan\u0105&#8221; mas\u00f3wk\u0105. Nadaj\u0119 im [&hellip;]<\/p>\n","protected":false},"author":1,"featured_media":0,"parent":0,"menu_order":0,"comment_status":"closed","ping_status":"closed","template":"","meta":[],"_links":{"self":[{"href":"http:\/\/dawidroszkiewicz.pl\/index.php?rest_route=\/wp\/v2\/pages\/424"}],"collection":[{"href":"http:\/\/dawidroszkiewicz.pl\/index.php?rest_route=\/wp\/v2\/pages"}],"about":[{"href":"http:\/\/dawidroszkiewicz.pl\/index.php?rest_route=\/wp\/v2\/types\/page"}],"author":[{"embeddable":true,"href":"http:\/\/dawidroszkiewicz.pl\/index.php?rest_route=\/wp\/v2\/users\/1"}],"replies":[{"embeddable":true,"href":"http:\/\/dawidroszkiewicz.pl\/index.php?rest_route=%2Fwp%2Fv2%2Fcomments&post=424"}],"version-history":[{"count":12,"href":"http:\/\/dawidroszkiewicz.pl\/index.php?rest_route=\/wp\/v2\/pages\/424\/revisions"}],"predecessor-version":[{"id":1718,"href":"http:\/\/dawidroszkiewicz.pl\/index.php?rest_route=\/wp\/v2\/pages\/424\/revisions\/1718"}],"wp:attachment":[{"href":"http:\/\/dawidroszkiewicz.pl\/index.php?rest_route=%2Fwp%2Fv2%2Fmedia&parent=424"}],"curies":[{"name":"wp","href":"https:\/\/api.w.org\/{rel}","templated":true}]}}